= 4*k. Suppose -k*a - 7*m = -3*m - 60, -3*m - 81 = -3*a. What are the prime factors of a?
2, 3
Let l(q) = 6*q**2 + 0 + 2 + 4*q + 3*q + q**3 - 4*q. What are the prime factors of l(-4)?
2, 11
Suppose -3*f + 39 + 48 = -5*l, -3*f = l - 69. Suppose -2*c + 23 = z, 2*c - 2*z = -c + f. List the prime factors of c.
2, 5
Let m(d) = -4*d**2 - 48*d - 2. List the prime factors of m(-6).
2, 71
Let y be -70*(-2 - 10/(-4)). List the prime factors of (-54)/(-45)*y/(-2).
3, 7
Let f(c) = -3*c - 24. Let p(x) = 2*x + 12. Let k(v) = -3*f(v) - 5*p(v). Let q be k(9). What are the prime factors of 126/8 + q/12?
2
Suppose 2*h - 4*h = -60. List the prime factors of h.
2, 3, 5
Suppose -318 = -4*v - 2*j, -3*v + 5*j - 2 + 273 = 0. List the prime factors of v.
2, 41
Suppose -3*m + 10 = -m. List the prime factors of m/2*(2 + 0).
5
Suppose 0*l = 2*l - 4. Let b(t) = 2 - 5*t**3 + 0*t**3 + 3*t**3 + 3*t - t**l. List the prime factors of b(-2).
2
Let p be 5/2*(-12)/(-10). Suppose p*o + 56 + 4 = 0. Let d = -11 - o. List the prime factors of d.
3
Let c = 11 - 15. Let s = -155 - -89. What are the prime factors of c/(-14) - s/14?
5
Let d = -5 - -4. Let m(a) = 46*a**2 + a. List the prime factors of m(d).
3, 5
Let c(s) be the third derivative of -s**6/120 - 7*s**5/60 - s**4/12 - 7*s**3/6 - 4*s**2. What are the prime factors of c(-7)?
7
Let b(c) = 0 + 3 - 2 + 3*c - c. What are the prime factors of b(1)?
3
Suppose -4*n + 51 = -n. Let x = n - 0. Let r = x + -6. List the prime factors of r.
11
Let b(i) = -i + 5. Let w be (-2)/(-4) - (-6)/4. Suppose 0*d + w*d + x + 19 = 0, 3*d + 2*x = -31. List the prime factors of b(d).
2, 3
Let q(x) = -x**2 + 4*x - 8. Let t(n) = -n - 1. Let v(j) = -q(j) + 4*t(j). List the prime factors of v(10).
2, 3
Suppose 3*g + g - 40 = 0. List the prime factors of g.
2, 5
Suppose -u - 6 = -28. Suppose 3*a - 3 = -0*a, -5*b = -3*a - u. Suppose -b*c = -38 - 17. List the prime factors of c.
11
Let l be (-1 + 1 - 0)/2. What are the prime factors of (l - -4)/(8/12)?
2, 3
Suppose 64 = -3*f + 7*f. What are the prime factors of f?
2
Let x(j) = j**2 - 2*j - 14. Let b be x(6). Let c = 22 + b. List the prime factors of c.
2
Suppose 2*u - 18 = -u. Suppose m + 115 = u*m. List the prime factors of m.
23
Let y = -22 + 41. List the prime factors of y.
19
Let m = 24 - 13. What are the prime factors of m?
11
Suppose -5*z = 2*u - 363, 3*z + 2*u = z + 150. What are the prime factors of z?
71
Let p = 26 - 54. List the prime factors of (12/(-8))/(2/p).
3, 7
Suppose 4*h - 4*n - 68 = -h, 5*n = -5*h + 95. List the prime factors of h.
2
Let p(m) = 13*m**3 - 11*m**2 - 6*m + 4. Let x(v) = 7*v**3 - 6*v**2 - 3*v + 2. Let g(k) = 4*p(k) - 7*x(k). List the prime factors of g(2).
2, 3
Let h(j) = -j**2 - j + 1. Let o be h(1). Let m be o + 3 + -7*3. Let f = m - -27. What are the prime factors of f?
2
Let c(j) = -5*j**2 - 4*j - 103. Let r(y) = -y**2 - y - 26. Let d(z) = 2*c(z) - 9*r(z). List the prime factors of d(0).
2, 7
Suppose 16*m = 15*m + 35. What are the prime factors of m?
5, 7
Let x be (0 + 2)/(-1) + 4. Suppose x*z + 3*z = 20. List the prime factors of z.
2
Suppose -8 + 14 = 2*k. Suppose -k*f + 13 = -2*y, 5*f + 0*y = -3*y + 28. List the prime factors of f.
5
Let f = -141 + 211. List the prime factors of f.
2, 5, 7
Suppose 0 = -u - 5*g + 10, -3*u - 5*g + 28 = 8. Suppose 5*a - 71 = -4*d, 2*a + 0*a = u*d + 35. Suppose -2*m = m - 15, m = -5*k + a. List the prime factors of k.
2
Let r = -21 + -3. Let s = 36 + r. Suppose 4*m = m - 5*o + 24, 3*o - s = -m. List the prime factors of m.
3
Let i(y) be the first derivative of -y**4/4 - y**3 + 2*y**2 - 3*y + 1. Let u be i(-5). Let q = u + -8. List the prime factors of q.
19
Let p(b) = -4*b - 9. Let y be p(-6). Let u = y - 9. Suppose -16 = -g - 4*x, u*x = 3*x + 3. List the prime factors of g.
2, 3
Let r(m) = 11*m - 4. Let l be r(4). Suppose l = w - 5. Suppose 5*h - 2*h = -5*d + w, 3*d - 16 = -4*h. What are the prime factors of d?
2, 3
Let g = 87 - 61. Suppose -12*u - g = -13*u. What are the prime factors of u?
2, 13
Suppose 15*w - 5*w - 950 = 0. List the prime factors of w.
5, 19
Suppose -3*x - 5*l + 4 = -6, 3*x + 8 = 4*l. Suppose x = -5*s + 15, 5*n = -4*s - 8 + 25. What are the prime factors of (-6)/(1 + n)*-7?
3, 7
List the prime factors of (-1)/5 - (2 + (-4416)/30).
5, 29
Suppose 0 = -3*t - 3*n + 27, 2*n = 2*t + n - 21. Let z be 53/11 + t/55. Suppose 2*h = 6*h + 3*y - 68, 76 = 4*h + z*y. What are the prime factors of h?
2, 7
Let m(w) = -16*w - 2. Let q(b) = b. Let i(x) = m(x) - 3*q(x). List the prime factors of i(-1).
17
Let x = -6 + 8. Suppose 3*a - 3*o = -6*o + 69, 21 = a + x*o. What are the prime factors of a?
5
Let f(j) = 5*j**3 - j + 1. Let v be f(1). Suppose 4*q + v = 17. Suppose q*x - 10 - 23 = 0. What are the prime factors of x?
11
Let v(n) = -23*n**3 - 2*n**2 + 1. Let s be v(-1). Suppose -13 - s = -5*w. What are the prime factors of w?
7
Let m(z) = -z - 8. Suppose 0*i - 4*i - 40 = 0. Let c be m(i). What are the prime factors of c/(-2) + 2 + 9?
2, 5
Let i = 72 - -32. What are the prime factors of i?
2, 13
Let g = -71 - -38. Let r = g - -46. List the prime factors of r.
13
Let w(g) = -g**3 + 5*g**2 + 7*g + 6. Suppose 4*c - 17 = -5. Suppose c*d + d = 24. List the prime factors of w(d).
2, 3
Suppose 0 = -2*r + 19 + 3. What are the prime factors of r?
11
Let q = -10 - -15. Suppose q*d + 25 = -5*r, 5*d + 2 = d + 2*r. List the prime factors of 35/2 - d/4.
2, 3
Suppose -5*s + 3*k + 116 + 69 = 0, -s = 2*k - 50. List the prime factors of s.
2, 5
Suppose 5*r - 56 = 3*a, -r + a = -3 - 7. List the prime factors of r.
13
Suppose 8 = -4*u, 3*u + 7 = -w - 2*u. List the prime factors of w.
3
Let g(p) = p**3 + 9*p**2 + p + 8. Let r be g(-9). Let f be 6/(3 + -1) - r. Suppose -2*z - 3*l - 2*l + 37 = 0, f*z - 4 = 4*l. List the prime factors of z.
2, 3
List the prime factors of ((-2)/10*42)/((-3)/10).
2, 7
Suppose -3*n + 66 = 3*t, 5*t = -0*t - 2*n + 125. Let w = t - 14. List the prime factors of w.
13
Let l(n) = 7*n**2 + 5 - 3*n - 6*n**2 - 3*n + 3*n. List the prime factors of l(4).
3
Suppose 8*s = 3*s + 160. What are the prime factors of s?
2
What are the prime factors of 8 + 5 - (1 + -4)?
2
Let c(f) = 3*f - 2. Let g be c(-2). Let k be 2/g - 372/(-16). Suppose 0*i + l = -3*i + 53, -5*l - k = -i. What are the prime factors of i?
2, 3
Suppose -6*q + 160 = -2*q. What are the prime factors of q?
2, 5
Suppose 0 = 3*w - k - 273, 2*k + 130 = 3*w - 143. List the prime factors of w.
7, 13
Let a(c) = c**3 - 4*c**2 + c - 4. What are the prime factors of a(5)?
2, 13
Suppose -2*a = -4, 71 = 5*h + 2*a + 7. What are the prime factors of h?
2, 3
Let a = -1 + 3. What are the prime factors of (-25)/(-3) + a/(-6)?
2
Suppose -5*o + 370 = 4*f, 0*f = -4*o - 3*f + 295. What are the prime factors of o?
2, 5, 7
Suppose 5 = -0*x - 5*x. What are the prime factors of -2 + 3 - (-28 - x)?
2, 7
Let d be (6*5)/1 + -2. Let l be 4*(-6)/d*7. List the prime factors of 172/14 - l/(-21).
2, 3
Suppose -3*y + 136 = y. List the prime factors of y.
2, 17
Suppose 5*t + 125 = -z + 6*z, 2*z = 3*t + 45. What are the prime factors of z?
2, 3, 5
Let z be 10/25 + 314/(-10). Let j = -21 - z. What are the prime factors of j?
2, 5
Suppose -3*t - 4*w + 527 = 0, -8*t + 9*t = 4*w + 165. What are the prime factors of t?
173
Let w(z) = -z + 4. Let i be w(-3). Let d = -3 + i. Let k = -2 + d. List the prime factors of k.
2
Let d(z) = 3*z - 5. Let w be d(-5). Let o be (-56)/w*(-10)/(-4). Suppose 0 = s - o - 1. What are the prime factors of s?
2
Let n = -2 - -6. Suppose 11 + 37 = n*u. List the prime factors of u.
2, 3
Suppose 4*o - 8*o + 84 = 0. List the prime factors of o.
3, 7
Let o = -1 - -1. Suppose 3*h - f - 35 + 10 = o, -1 = f. List the prime factors of h.
2
List the prime factors of 0 - -17 - (0 - 2).
19
Let c be 2/(2/83)*-3. Let r = -176 - c. Suppose 4*o = r - 13. What are the prime factors of o?
3, 5
Let c be -3 - 14 - 0 - 3. Let h = -4 - c. What are the prime factors of h?
2
Let t be 0 - -1 - (14 - 21). Let p = t + 4. List the prime factors of p.
2, 3
Let q(m) be the third derivative of m**5/10 + m**4/24 + 3*m**2. What are the prime factors of q(2)?
2, 13
Let f = 29 - 21. Suppose 76 = 4*k - f. What are the prime factors of k?
3, 7
Let d = -26 + 1. What are the prime factors of 10/d - 224/(-10)?
2, 11
Suppose 5*g + 0